n base 3, what is -1201200112 + 12?
-1201200100
In base 16, what is 9b + 2d9?
374
In base 15, what is -5 + 2084?
207e
In base 10, what is -6 - 17283?
-17289
In base 7, what is -541353 + -3?
-541356
In base 7, what is -13 - -213?
200
In base 12, what is -68b9 - -165?
-6754
In base 4, what is -11 - -31112300?
31112223
In base 14, what is -1 - 17b28a?
-17b28b
In base 5, what is -103 - -324003?
323400
In base 10, what is 44 - -16229?
16273
In base 13, what is -57 - -9cc?
975
In base 14, what is 2 - -10d8?
10da
In base 4, what is 331313 + -112?
331201
In base 6, what is -12 - -3040043?
3040031
In base 2, what is -1011 + -10101101001110?
-10101101011001
In base 11, what is -4517a4 - 2?
-4517a6
In base 13, what is 2 - 67160?
-6715b
In base 5, what is -210100 - 2?
-210102
In base 13, what is 1 + -3666?
-3665
In base 14, what is 31 - -210b?
213c
In base 5, what is -412033021 - 1?
-412033022
In base 15, what is -25 - be0?
-c15
In base 8, what is 760 + -17027?
-16047
In base 16, what is -5 - -de1d?
de18
In base 12, what is b - 42613?
-42604
In base 2, what is -1000010 + 101100010?
100100000
In base 7, what is -30616203 + 3?
-30616200
In base 16, what is -1159 + 4?
-1155
In base 3, what is 1201101112 + -1?
1201101111
In base 8, what is -5337 + 1370?
-3747
In base 7, what is 65 + -422?
-324
In base 8, what is 23 + 1717?
1742
In base 11, what is -2 - 86?
-88
In base 7, what is 22 - 121401?
-121346
In base 8, what is 17461 + -1?
17460
In base 8, what is 7455223 + 5?
7455230
In base 16, what is 3 - 341ee?
-341eb
In base 5, what is -140430 - 144?
-141124
In base 4, what is -11003303 - -3?
-11003300
In base 2, what is -10010 + 1100100000?
1100001110
In base 3, what is 2022 - 2022000?
-2012201
In base 16, what is 1ee + -5d?
191
In base 8, what is 2442307 + 3?
2442312
In base 13, what is -16 - 659?
-672
In base 5, what is -440323224 + -3?
-440323232
In base 2, what is -100111 + 1101100001?
1100111010
In base 13, what is 1b + -a353?
-a335
In base 11, what is 6a84 - -2?
6a86
In base 16, what is 6badf - -4?
6bae3
In base 7, what is -5411 + -1004?
-6415
In base 15, what is 4 - 10c2?
-10bd
In base 6, what is -204 - -1000245?
1000041
In base 12, what is 964 + 372?
1116
In base 9, what is 75516 - -1?
75517
In base 3, what is -1212200 - 11?
-1212211
In base 6, what is 11132321 - 10?
11132311
In base 5, what is 42214 - 4?
42210
In base 7, what is 202610626 + 3?
202610632
In base 7, what is 6 - -404322?
404331
In base 16, what is 3 + 5a5a?
5a5d
In base 15, what is 3e50a - -2?
3e50c
In base 10, what is 0 - -70849?
70849
In base 6, what is -202 + -1304?
-1510
In base 15, what is -21b + 3?
-218
In base 12, what is 14 + 2794?
27a8
In base 8, what is -22 - 4445?
-4467
In base 5, what is 12 + 102441?
103003
In base 14, what is -3b5 + -3?
-3b8
In base 7, what is 533241 - -4?
533245
In base 10, what is -1524 - 35?
-1559
In base 10, what is -102 - 169?
-271
In base 9, what is -8 + -102750?
-102758
In base 9, what is 5 - 122640?
-122634
In base 14, what is -6 + -43bd?
-43c5
In base 16, what is 2 + -8263?
-8261
In base 14, what is 67ac7 - -5?
67acc
In base 6, what is -2245 + -20241?
-22530
In base 16, what is -25 + 29b?
276
In base 12, what is 84 - 216?
-152
In base 6, what is -43 - 31003?
-31050
In base 13, what is 8 + -283cb?
-283c3
In base 9, what is -57 + 3432?
3364
In base 11, what is -1a1598 - 3?
-1a15a0
In base 14, what is 23 + 547?
56a
In base 8, what is 202007 + 5?
202014
In base 10, what is 4 + -33383?
-33379
In base 12, what is 5 + -a705?
-a700
In base 8, what is -3574 - 2?
-3576
In base 7, what is -54 - 42605?
-42662
In base 12, what is -83 - 283b?
-2902
In base 14, what is -123 - d71?
-1094
In base 8, what is -113 + 3702?
3567
In base 10, what is 39 + 10908?
10947
In base 8, what is 307273 + -2?
307271
In base 14, what is 1d498 + -9?
1d48d
In base 5, what is 40 + 204022?
204112
In base 15, what is -6e9d - 1?
-6e9e
In base 5, what is 2132 - -23310?
30442
In base 6, what is 5 + -15150132?
-15150123
In base 9, what is 12 - 40576?
-40564
In base 12, what is a + 5945?
5953
In base 9, what is 23 - -8761?
8784
In base 2, what is -100000 - 1010111100101?
-1011000000101
In base 14, what is d + -8c0?
-8b1
In base 14, what is -d - 3a8c?
-3a9b
In base 8, what is 1 - -11632?
11633
In base 6, what is 1115 - -22?
1141
In base 11, what is 1856 + 19?
1874
In base 16, what is eb51 + -2?
eb4f
In base 9, what is 25444 - 63?
25371
In base 6, what is -323203 - -4?
-323155
In base 7, what is 33 - -6020?
6053
In base 10, what is -22519 - 1?
-22520
In base 16, what is -6 + -85121?
-85127
In base 2, what is -10100001101 + 110001?
-10011011100
In base 2, what is -111000001 + 101110010?
-1001111
In base 15, what is -4a + -156?
-1a1
In base 9, what is -76172 + -2?
-76174
In base 2, what is -111100 - 10011110100?
-10100110000
In base 5, what is -3330 - 31410?
-40240
In base 10, what is 323048 + 4?
323052
In base 2, what is -100001110111 - 1001101010?
-101011100001
In base 14, what is -6d - 9d3?
-a62
In base 10, what is 1801 - -2039?
3840
In base 10, what is 46 + 3859?
3905
In base 11, what is 26a + -66?
204
In base 13, what is -2ac + -79?
-358
In base 7, what is -10206 + 254?
-6622
In base 7, what is 11324206 - 3?
11324203
In base 13, what is 3 - ba813?
-ba810
In base 8, what is 2 + 1054045?
1054047
In base 11, what is 3 - -740?
743
In base 12, what is -2ab68b - -1?
-2ab68a
In base 8, what is 4 - -4542411?
4542415
In base 6, what is 5 - 42144?
-42135
In base 14, what is 4739d + -2?
4739b
In base 11, what is 114192 - -2?
114194
In base 5, what is -32214 - 3043?
-40312
In base 3, what is -2211120000101 - 2?
-2211120000110
In base 6, what is -4 + 13022355?
13022351
In base 12, what is -80 - 273?
-333
In base 10, what is 0 - -4095?
4095
In base 15, what is 100c + 3?
1010
In base 4, what is -103022312 + 203?
-103022103
In base 4, what is -11 + 2001303?
2001232
In base 15, what is 62 + -1c?
45
In base 7, what is 15564 - 101?
15463
In base 12, what is -11 - 72b?
-740
In base 12, what is 2aa042 - 2?
2aa040
In base 2, what is 1011011111011001101 + -100?
1011011111011001001
In base 2, what is -10111110101 - -10001110?
-10101100111
In base 7, what is 33544 - 4?
33540
In base 14, what is 387 - 63?
324
In base 12, what is -3 + -a4a7?
-a4aa
In base 8, what is -507 + -17533?
-20242
In base 9, what is 115 - -1786?
2012
In base 5, what is -12011024 - 0?
-12011024
In base 9, what is 8 + 256740?
256748
In base 8, what is -2343 + 12?
-2331
In base 11, what is -2 + -90a9?
-9100
In base 14, what is 72 + 10?
82
In base 6, what is 5121 - 1402?
3315
In base 13, what is 11 - 3681?
-3670
In base 15, what is -6ee7d - 5?
-6ee83
In base 2, what is 11111001 - 101101?
11001100
In base 16, what is 5db + -2?
5d9
In base 10, what is -3037 - 20?
-3057
In base 16, what is -7 + 2cca?
2cc3
In base 11, what is 17a133 + -10?
17a123
In base 11, what is -1a + 59?
3a
In base 13, what is 5050a - 2?
50508
In base 4, what is 202320010 - 1?
202320003
In base 8, what is 12745 - 44?
12701
In base 12, what is -a3983 + -3?
-a3986
In base 15, what is 44b - -22?
46d
In base 11, what is -48871 + 4?
-48868
In base 7, what is -2 - -2260?
2255
In base 13, what is -2a3 - -999?
6c6
In base 11, what is -10292 - -3?
-1028a
In base 9, what is 1 + -468557?
-468556
In base 7, what is 553 - 44420?
-43534
In base 12, what is 1 - -6014?
6015
In base 15, what is -5 + -ac43?
-ac48
In base 7, what is -151333 + 0?
-151333
In base 8, what is -1576 - -200?
-1376
In base 4, what is 2 + 12213332?
12220000
In base 15, what is -e77 - 0?
-e77
In base 16, what is -75b - 41?
-79c
In base 3, what is -2 + 12001220222?
12001220220
In base 13, what is -68a - -91?
-5c9
In base 12, what is -4 - -345b?
3457
In base 9, what is -1444236 + -4?
-1444241
In base 15, what is 2b3d + 3?
2b41
In base 5, what is -3441 + 101321?
42330
In base 13, what is b + -281b7?
-281a9
In base 13, what is 17 - -351?
368
In base 10, what is 13549 + 5?
13554
In base 10, what is 550 + 2293?
2843
In base 3, what is 11011 + 1201211?
1212222
In base 4, what is 212 + -1030003?
-1023131
In base 9, what is 1007 + 11?
1018
In base 13, what is -2a57 - -9?
-2a4b
In base 6, what is 35243 + 14?
35301
In base 9, what is -431862 + -3?
-431865
In base 15, what is -8ea8 + 5?
-8ea3
In base 16, what is df7 - 1c?
ddb
In base 